{"id":1406,"date":"2026-04-08T16:31:22","date_gmt":"2026-04-08T16:31:22","guid":{"rendered":"https:\/\/fundacionquimica.org.ar\/cursos\/?post_type=product&#038;p=1406"},"modified":"2026-04-14T21:40:13","modified_gmt":"2026-04-14T21:40:13","slug":"especializacion-en-peritaje-ambiental","status":"publish","type":"product","link":"https:\/\/fundacionquimica.org.ar\/cursos\/cursos\/especializacion-en-peritaje-ambiental\/","title":{"rendered":"Especializaci\u00f3n en Peritaje Ambiental"},"content":{"rendered":"<div class=\"col-lg-8 col-md-12 contents-sticky\">\n<div class=\"theiaStickySidebar\">\n<div id=\"learn-press-course\" class=\"course-summary learn-press\">\n<div class=\"course-summary\">\n<div class=\"course-landing-summary\">\n<div id=\"learn-press-course-tabs\" class=\"course-tabs\">\n<div id=\"tab-overview\" class=\"course-tab-panel-overview course-tab-panel active\">\n<div id=\"learn-press-course-description\" class=\"course-description\">\n<div id=\"learn-press-course-tabs\" class=\"course-tabs\">\n<div id=\"tab-overview\" class=\"course-tab-panel-overview course-tab-panel active\">\n<div id=\"learn-press-course-description\" class=\"course-description\">\n<div id=\"learn-press-course-tabs\" class=\"course-tabs\">\n<div id=\"tab-overview\" class=\"course-tab-panel-overview course-tab-panel active\">\n<div id=\"learn-press-course-description\" class=\"course-description\">\n<div id=\"learn-press-course-tabs\" class=\"course-tabs\">\n<div id=\"tab-overview\" class=\"course-tab-panel-overview course-tab-panel active\">\n<div id=\"learn-press-course-description\" class=\"course-description\">\n<div id=\"learn-press-course-tabs\" class=\"course-tabs\">\n<div id=\"tab-overview\" class=\"course-tab-panel-overview course-tab-panel active\">\n<div id=\"learn-press-course-description\" class=\"course-description\">\n<h1>Curso Especializaci\u00f3n en Peritaje Ambiental<\/h1>\n<p><strong>Organizado por:<\/strong> Fundaci\u00f3n Qu\u00edmica Argentina y Secretar\u00eda de Estado de Cambio Clim\u00e1tico \u2013 Subsecretar\u00eda de Gesti\u00f3n, Desarrollo Sostenible e Innovaci\u00f3n (SECC)<br \/>\n<strong>Auspiciado por:<\/strong> Consejo Profesional de Qu\u00edmica<br \/>\n<strong>Modalidad:<\/strong> A distancia &#8211; Asincr\u00f3nica<\/p>\n<h3>\u00bfA qui\u00e9n est\u00e1 dirigido?<\/h3>\n<p>El curso est\u00e1 dirigido a profesionales que trabajan en empresas p\u00fablicas o privadas en \u00e1reas como optimizaci\u00f3n de procesos, ingenier\u00eda del agua, eficiencia energ\u00e9tica, contaminaci\u00f3n atmosf\u00e9rica o educaci\u00f3n ambiental.<\/p>\n<p>Tambi\u00e9n est\u00e1 orientado a quienes buscan complementar su formaci\u00f3n en protecci\u00f3n ambiental, higiene y salud ocupacional. Incluye a auxiliares de la justicia, miembros del sistema judicial, otros poderes del Estado y fuerzas de seguridad que deseen formarse en peritaje ambiental.<\/p>\n<p>Asimismo, est\u00e1 pensado para profesionales que quieran iniciarse en este campo.<\/p>\n<h3>Requisitos<\/h3>\n<p>Para acceder al curso se debe contar con:<\/p>\n<p>T\u00edtulo universitario en carreras como ingenier\u00eda qu\u00edmica, ambiental, forestal o agronom\u00eda; licenciatura en gen\u00e9tica; o carreras con formaci\u00f3n ambiental.<\/p>\n<p>O bien: t\u00edtulo t\u00e9cnico con formaci\u00f3n ambiental o experiencia en investigaci\u00f3n, planificaci\u00f3n, evaluaci\u00f3n, peritajes ambientales o gesti\u00f3n ambiental.<\/p>\n<h3>Objetivos del curso<\/h3>\n<p>El curso tiene como objetivo brindar herramientas te\u00f3ricas y pr\u00e1cticas para la formaci\u00f3n de peritos ambientales capaces de intervenir en distintos contextos.<\/p>\n<p>Al finalizar, los participantes podr\u00e1n:<\/p>\n<ul>\n<li>Elaborar informes periciales completos, desde la preparaci\u00f3n hasta su defensa en juicio<\/li>\n<li>Interpretar t\u00e9cnicamente problem\u00e1ticas ambientales en el marco legal vigente<\/li>\n<li>Participar en la investigaci\u00f3n de infracciones y posibles delitos ambientales<\/li>\n<li>Realizar diagn\u00f3sticos de da\u00f1o ambiental<\/li>\n<li>Aplicar herramientas t\u00e9cnicas en tareas de inspecci\u00f3n y campo<\/li>\n<\/ul>\n<h3>Certificaci\u00f3n<\/h3>\n<p>Al aprobar todas las instancias, se emitir\u00e1 el t\u00edtulo Especialista en Peritaje Ambiental, certificado por la Fundaci\u00f3n Qu\u00edmica Argentina, seg\u00fan el reglamento vigente del Consejo Profesional de Qu\u00edmica de la Provincia de Buenos Aires.<\/p>\n<h4>Fundamentaci\u00f3n<br \/>\nContexto y necesidad<\/h4>\n<p>La problem\u00e1tica ambiental derivada de la actividad humana exige revisar pr\u00e1cticas y h\u00e1bitos a nivel global, regional y local. En este escenario, crece la necesidad de profesionales capaces de intervenir con criterios t\u00e9cnicos en situaciones complejas.<\/p>\n<h4><strong>Marco legal y desaf\u00edos<\/strong><\/h4>\n<p>Si bien existen organismos y normativas ambientales, la mayor\u00eda de las regulaciones son de car\u00e1cter administrativo. Las sanciones penales son limitadas y muchas situaciones terminan requiriendo intervenci\u00f3n judicial. Los da\u00f1os ambientales suelen ser complejos de probar y presentan un alto impacto, lo que demanda abordajes t\u00e9cnicos especializados.<\/p>\n<h4><strong>Rol del perito ambiental<\/strong><\/h4>\n<p>El perito ambiental es un profesional con formaci\u00f3n t\u00e9cnica y cient\u00edfica que interviene en procesos judiciales o administrativos. Su funci\u00f3n es evaluar da\u00f1os, identificar factores contaminantes y elaborar informes que permitan comprender la situaci\u00f3n y definir acciones de mejora o reparaci\u00f3n.<\/p>\n<p>&nbsp;<\/p>\n<\/div>\n<\/div>\n<\/div>\n<\/div>\n<\/div>\n<\/div>\n<\/div>\n<\/div>\n<\/div>\n<\/div>\n<\/div>\n<\/div>\n<\/div>\n<\/div>\n<\/div>\n<\/div>\n<\/div>\n<\/div>\n<\/div>\n<\/div>\n","protected":false},"excerpt":{"rendered":"<p>Curso Especializaci\u00f3n en Peritaje Ambiental. Modalidad virtual. Certificado por la Fundaci\u00f3n Qu\u00edmica Argentina.<\/p>\n","protected":false},"featured_media":1418,"comment_status":"open","ping_status":"closed","template":"","meta":{"_acf_changed":false},"product_brand":[],"product_cat":[18],"product_tag":[],"class_list":{"0":"post-1406","1":"product","2":"type-product","3":"status-publish","4":"has-post-thumbnail","6":"product_cat-ambiente","8":"first","9":"instock","10":"shipping-taxable","11":"purchasable","12":"product-type-variable"},"acf":[],"yoast_head":"<!-- This site is optimized with the Yoast SEO Premium plugin v24.7 (Yoast SEO v26.3) - https:\/\/yoast.com\/wordpress\/plugins\/seo\/ -->\n<title>Especializaci\u00f3n en Peritaje Ambiental - Cursos Fundaci\u00f3n Qu\u00edmica Argentina<\/title>\n<meta name=\"description\" content=\"Curso especializaci\u00f3n en peritaje ambiental. Modalidad virtual sincr\u00f3nica. Certificado por la Fundaci\u00f3n Qu\u00edmica Argentina.\" \/>\n<meta name=\"robots\" content=\"index, follow, max-snippet:-1, max-image-preview:large, max-video-preview:-1\" \/>\n<link rel=\"canonical\" href=\"https:\/\/fundacionquimica.org.ar\/cursos\/cursos\/especializacion-en-peritaje-ambiental\/\" \/>\n<meta property=\"og:locale\" content=\"es_ES\" \/>\n<meta property=\"og:type\" content=\"article\" \/>\n<meta property=\"og:title\" content=\"Especializaci\u00f3n en Peritaje Ambiental\" \/>\n<meta property=\"og:description\" content=\"Curso especializaci\u00f3n en peritaje ambiental. Modalidad virtual sincr\u00f3nica. Certificado por la Fundaci\u00f3n Qu\u00edmica Argentina.\" \/>\n<meta property=\"og:url\" content=\"https:\/\/fundacionquimica.org.ar\/cursos\/cursos\/especializacion-en-peritaje-ambiental\/\" \/>\n<meta property=\"og:site_name\" content=\"Cursos Fundaci\u00f3n Qu\u00edmica Argentina\" \/>\n<meta property=\"article:publisher\" content=\"https:\/\/www.facebook.com\/FundacionQuimicaArgentina\" \/>\n<meta property=\"article:modified_time\" content=\"2026-04-14T21:40:13+00:00\" \/>\n<meta property=\"og:image\" content=\"https:\/\/fundacionquimica.org.ar\/cursos\/wp-content\/uploads\/2025\/03\/peritaje-ambiental.webp\" \/>\n\t<meta property=\"og:image:width\" content=\"2560\" \/>\n\t<meta property=\"og:image:height\" content=\"1707\" \/>\n\t<meta property=\"og:image:type\" content=\"image\/webp\" \/>\n<meta name=\"twitter:card\" content=\"summary_large_image\" \/>\n<meta name=\"twitter:label1\" content=\"Disponibilidad\" \/>\n\t<meta name=\"twitter:data1\" content=\"Disponible\" \/>\n<script type=\"application\/ld+json\" class=\"yoast-schema-graph\">{\"@context\":\"https:\/\/schema.org\",\"@graph\":[{\"@type\":\"WebPage\",\"@id\":\"https:\/\/fundacionquimica.org.ar\/cursos\/cursos\/especializacion-en-peritaje-ambiental\/\",\"url\":\"https:\/\/fundacionquimica.org.ar\/cursos\/cursos\/especializacion-en-peritaje-ambiental\/\",\"name\":\"Especializaci\u00f3n en Peritaje Ambiental - Cursos Fundaci\u00f3n Qu\u00edmica Argentina\",\"isPartOf\":{\"@id\":\"https:\/\/fundacionquimica.org.ar\/cursos\/#website\"},\"primaryImageOfPage\":{\"@id\":\"https:\/\/fundacionquimica.org.ar\/cursos\/cursos\/especializacion-en-peritaje-ambiental\/#primaryimage\"},\"image\":{\"@id\":\"https:\/\/fundacionquimica.org.ar\/cursos\/cursos\/especializacion-en-peritaje-ambiental\/#primaryimage\"},\"thumbnailUrl\":\"https:\/\/fundacionquimica.org.ar\/cursos\/wp-content\/uploads\/2025\/03\/peritaje-ambiental.webp\",\"datePublished\":\"2026-04-08T16:31:22+00:00\",\"dateModified\":\"2026-04-14T21:40:13+00:00\",\"description\":\"Curso especializaci\u00f3n en peritaje ambiental. Modalidad virtual sincr\u00f3nica. Certificado por la Fundaci\u00f3n Qu\u00edmica Argentina.\",\"breadcrumb\":{\"@id\":\"https:\/\/fundacionquimica.org.ar\/cursos\/cursos\/especializacion-en-peritaje-ambiental\/#breadcrumb\"},\"inLanguage\":\"es\",\"potentialAction\":[{\"@type\":\"ReadAction\",\"target\":[\"https:\/\/fundacionquimica.org.ar\/cursos\/cursos\/especializacion-en-peritaje-ambiental\/\"]}]},{\"@type\":\"ImageObject\",\"inLanguage\":\"es\",\"@id\":\"https:\/\/fundacionquimica.org.ar\/cursos\/cursos\/especializacion-en-peritaje-ambiental\/#primaryimage\",\"url\":\"https:\/\/fundacionquimica.org.ar\/cursos\/wp-content\/uploads\/2025\/03\/peritaje-ambiental.webp\",\"contentUrl\":\"https:\/\/fundacionquimica.org.ar\/cursos\/wp-content\/uploads\/2025\/03\/peritaje-ambiental.webp\",\"width\":2560,\"height\":1707},{\"@type\":\"BreadcrumbList\",\"@id\":\"https:\/\/fundacionquimica.org.ar\/cursos\/cursos\/especializacion-en-peritaje-ambiental\/#breadcrumb\",\"itemListElement\":[{\"@type\":\"ListItem\",\"position\":1,\"name\":\"Home\",\"item\":\"https:\/\/fundacionquimica.org.ar\/cursos\/\"},{\"@type\":\"ListItem\",\"position\":2,\"name\":\"Todos los Cursos\",\"item\":\"https:\/\/fundacionquimica.org.ar\/cursos\/cursos\/\"},{\"@type\":\"ListItem\",\"position\":3,\"name\":\"Especializaci\u00f3n en Peritaje Ambiental\"}]},{\"@type\":\"WebSite\",\"@id\":\"https:\/\/fundacionquimica.org.ar\/cursos\/#website\",\"url\":\"https:\/\/fundacionquimica.org.ar\/cursos\/\",\"name\":\"Cursos Fundaci\u00f3n Qu\u00edmica Argentina\",\"description\":\"\",\"publisher\":{\"@id\":\"https:\/\/fundacionquimica.org.ar\/cursos\/#organization\"},\"potentialAction\":[{\"@type\":\"SearchAction\",\"target\":{\"@type\":\"EntryPoint\",\"urlTemplate\":\"https:\/\/fundacionquimica.org.ar\/cursos\/?s={search_term_string}\"},\"query-input\":{\"@type\":\"PropertyValueSpecification\",\"valueRequired\":true,\"valueName\":\"search_term_string\"}}],\"inLanguage\":\"es\"},{\"@type\":\"Organization\",\"@id\":\"https:\/\/fundacionquimica.org.ar\/cursos\/#organization\",\"name\":\"Fundaci\u00f3n Qu\u00edmica Argentina\",\"url\":\"https:\/\/fundacionquimica.org.ar\/cursos\/\",\"logo\":{\"@type\":\"ImageObject\",\"inLanguage\":\"es\",\"@id\":\"https:\/\/fundacionquimica.org.ar\/cursos\/#\/schema\/logo\/image\/\",\"url\":\"https:\/\/fundacionquimica.org.ar\/cursos-nuevo\/wp-content\/uploads\/2024\/06\/cropped-f-1-32x32-1.jpg\",\"contentUrl\":\"https:\/\/fundacionquimica.org.ar\/cursos-nuevo\/wp-content\/uploads\/2024\/06\/cropped-f-1-32x32-1.jpg\",\"width\":32,\"height\":32,\"caption\":\"Fundaci\u00f3n Qu\u00edmica Argentina\"},\"image\":{\"@id\":\"https:\/\/fundacionquimica.org.ar\/cursos\/#\/schema\/logo\/image\/\"},\"sameAs\":[\"https:\/\/www.facebook.com\/FundacionQuimicaArgentina\",\"https:\/\/www.linkedin.com\/company\/cursosfqa\"]}]}<\/script>\n<meta property=\"og:availability\" content=\"instock\" \/>\n<meta property=\"product:availability\" content=\"instock\" \/>\n<meta property=\"product:condition\" content=\"new\" \/>\n<!-- \/ Yoast SEO Premium plugin. -->","yoast_head_json":{"title":"Especializaci\u00f3n en Peritaje Ambiental - Cursos Fundaci\u00f3n Qu\u00edmica Argentina","description":"Curso especializaci\u00f3n en peritaje ambiental. Modalidad virtual sincr\u00f3nica. Certificado por la Fundaci\u00f3n Qu\u00edmica Argentina.","robots":{"index":"index","follow":"follow","max-snippet":"max-snippet:-1","max-image-preview":"max-image-preview:large","max-video-preview":"max-video-preview:-1"},"canonical":"https:\/\/fundacionquimica.org.ar\/cursos\/cursos\/especializacion-en-peritaje-ambiental\/","og_locale":"es_ES","og_type":"article","og_title":"Especializaci\u00f3n en Peritaje Ambiental","og_description":"Curso especializaci\u00f3n en peritaje ambiental. Modalidad virtual sincr\u00f3nica. Certificado por la Fundaci\u00f3n Qu\u00edmica Argentina.","og_url":"https:\/\/fundacionquimica.org.ar\/cursos\/cursos\/especializacion-en-peritaje-ambiental\/","og_site_name":"Cursos Fundaci\u00f3n Qu\u00edmica Argentina","article_publisher":"https:\/\/www.facebook.com\/FundacionQuimicaArgentina","article_modified_time":"2026-04-14T21:40:13+00:00","og_image":[{"width":2560,"height":1707,"url":"https:\/\/fundacionquimica.org.ar\/cursos\/wp-content\/uploads\/2025\/03\/peritaje-ambiental.webp","type":"image\/webp"}],"twitter_card":"summary_large_image","twitter_misc":{"Disponibilidad":"Disponible"},"schema":{"@context":"https:\/\/schema.org","@graph":[{"@type":"WebPage","@id":"https:\/\/fundacionquimica.org.ar\/cursos\/cursos\/especializacion-en-peritaje-ambiental\/","url":"https:\/\/fundacionquimica.org.ar\/cursos\/cursos\/especializacion-en-peritaje-ambiental\/","name":"Especializaci\u00f3n en Peritaje Ambiental - Cursos Fundaci\u00f3n Qu\u00edmica Argentina","isPartOf":{"@id":"https:\/\/fundacionquimica.org.ar\/cursos\/#website"},"primaryImageOfPage":{"@id":"https:\/\/fundacionquimica.org.ar\/cursos\/cursos\/especializacion-en-peritaje-ambiental\/#primaryimage"},"image":{"@id":"https:\/\/fundacionquimica.org.ar\/cursos\/cursos\/especializacion-en-peritaje-ambiental\/#primaryimage"},"thumbnailUrl":"https:\/\/fundacionquimica.org.ar\/cursos\/wp-content\/uploads\/2025\/03\/peritaje-ambiental.webp","datePublished":"2026-04-08T16:31:22+00:00","dateModified":"2026-04-14T21:40:13+00:00","description":"Curso especializaci\u00f3n en peritaje ambiental. Modalidad virtual sincr\u00f3nica. Certificado por la Fundaci\u00f3n Qu\u00edmica Argentina.","breadcrumb":{"@id":"https:\/\/fundacionquimica.org.ar\/cursos\/cursos\/especializacion-en-peritaje-ambiental\/#breadcrumb"},"inLanguage":"es","potentialAction":[{"@type":"ReadAction","target":["https:\/\/fundacionquimica.org.ar\/cursos\/cursos\/especializacion-en-peritaje-ambiental\/"]}]},{"@type":"ImageObject","inLanguage":"es","@id":"https:\/\/fundacionquimica.org.ar\/cursos\/cursos\/especializacion-en-peritaje-ambiental\/#primaryimage","url":"https:\/\/fundacionquimica.org.ar\/cursos\/wp-content\/uploads\/2025\/03\/peritaje-ambiental.webp","contentUrl":"https:\/\/fundacionquimica.org.ar\/cursos\/wp-content\/uploads\/2025\/03\/peritaje-ambiental.webp","width":2560,"height":1707},{"@type":"BreadcrumbList","@id":"https:\/\/fundacionquimica.org.ar\/cursos\/cursos\/especializacion-en-peritaje-ambiental\/#breadcrumb","itemListElement":[{"@type":"ListItem","position":1,"name":"Home","item":"https:\/\/fundacionquimica.org.ar\/cursos\/"},{"@type":"ListItem","position":2,"name":"Todos los Cursos","item":"https:\/\/fundacionquimica.org.ar\/cursos\/cursos\/"},{"@type":"ListItem","position":3,"name":"Especializaci\u00f3n en Peritaje Ambiental"}]},{"@type":"WebSite","@id":"https:\/\/fundacionquimica.org.ar\/cursos\/#website","url":"https:\/\/fundacionquimica.org.ar\/cursos\/","name":"Cursos Fundaci\u00f3n Qu\u00edmica Argentina","description":"","publisher":{"@id":"https:\/\/fundacionquimica.org.ar\/cursos\/#organization"},"potentialAction":[{"@type":"SearchAction","target":{"@type":"EntryPoint","urlTemplate":"https:\/\/fundacionquimica.org.ar\/cursos\/?s={search_term_string}"},"query-input":{"@type":"PropertyValueSpecification","valueRequired":true,"valueName":"search_term_string"}}],"inLanguage":"es"},{"@type":"Organization","@id":"https:\/\/fundacionquimica.org.ar\/cursos\/#organization","name":"Fundaci\u00f3n Qu\u00edmica Argentina","url":"https:\/\/fundacionquimica.org.ar\/cursos\/","logo":{"@type":"ImageObject","inLanguage":"es","@id":"https:\/\/fundacionquimica.org.ar\/cursos\/#\/schema\/logo\/image\/","url":"https:\/\/fundacionquimica.org.ar\/cursos-nuevo\/wp-content\/uploads\/2024\/06\/cropped-f-1-32x32-1.jpg","contentUrl":"https:\/\/fundacionquimica.org.ar\/cursos-nuevo\/wp-content\/uploads\/2024\/06\/cropped-f-1-32x32-1.jpg","width":32,"height":32,"caption":"Fundaci\u00f3n Qu\u00edmica Argentina"},"image":{"@id":"https:\/\/fundacionquimica.org.ar\/cursos\/#\/schema\/logo\/image\/"},"sameAs":["https:\/\/www.facebook.com\/FundacionQuimicaArgentina","https:\/\/www.linkedin.com\/company\/cursosfqa"]}]},"og_availability":"instock","product_availability":"instock","product_condition":"new"},"_links":{"self":[{"href":"https:\/\/fundacionquimica.org.ar\/cursos\/wp-json\/wp\/v2\/product\/1406","targetHints":{"allow":["GET"]}}],"collection":[{"href":"https:\/\/fundacionquimica.org.ar\/cursos\/wp-json\/wp\/v2\/product"}],"about":[{"href":"https:\/\/fundacionquimica.org.ar\/cursos\/wp-json\/wp\/v2\/types\/product"}],"replies":[{"embeddable":true,"href":"https:\/\/fundacionquimica.org.ar\/cursos\/wp-json\/wp\/v2\/comments?post=1406"}],"wp:featuredmedia":[{"embeddable":true,"href":"https:\/\/fundacionquimica.org.ar\/cursos\/wp-json\/wp\/v2\/media\/1418"}],"wp:attachment":[{"href":"https:\/\/fundacionquimica.org.ar\/cursos\/wp-json\/wp\/v2\/media?parent=1406"}],"wp:term":[{"taxonomy":"product_brand","embeddable":true,"href":"https:\/\/fundacionquimica.org.ar\/cursos\/wp-json\/wp\/v2\/product_brand?post=1406"},{"taxonomy":"product_cat","embeddable":true,"href":"https:\/\/fundacionquimica.org.ar\/cursos\/wp-json\/wp\/v2\/product_cat?post=1406"},{"taxonomy":"product_tag","embeddable":true,"href":"https:\/\/fundacionquimica.org.ar\/cursos\/wp-json\/wp\/v2\/product_tag?post=1406"}],"curies":[{"name":"wp","href":"https:\/\/api.w.org\/{rel}","templated":true}]}}