{"id":1211,"date":"2025-01-04T16:18:12","date_gmt":"2025-01-04T16:18:12","guid":{"rendered":"https:\/\/fundacionquimica.org.ar\/cursos\/?post_type=product&#038;p=1211"},"modified":"2026-01-13T19:17:50","modified_gmt":"2026-01-13T19:17:50","slug":"curso-produccion-industrializacion-de-cannabis-sativa","status":"publish","type":"product","link":"https:\/\/fundacionquimica.org.ar\/cursos\/cursos\/curso-produccion-industrializacion-de-cannabis-sativa\/","title":{"rendered":"Curso de producci\u00f3n e industrializaci\u00f3n de Cannabis sativa"},"content":{"rendered":"<h2><strong>\u00a0Curso de<\/strong> Producci\u00f3n<strong> e Industrializaci\u00f3n de Cannabis Sativa<\/strong><\/h2>\n<p><strong>Organizado por:<\/strong>\u00a0<a href=\"https:\/\/www.fundacionquimica.org.ar\/\">Fundaci\u00f3n Qu\u00edmica Argentina<\/a><br \/>\n<strong>Auspicia: <\/strong><a href=\"http:\/\/www.quimica.org.ar\">Consejo Profesional de Qu\u00edmica<\/a><\/p>\n<p><strong>Modalidad:<\/strong>\u00a0A distancia \u2013 Asincr\u00f3nica.<\/p>\n<p data-start=\"411\" data-end=\"430\"><strong>Carga horaria: <\/strong>El curso tiene una duraci\u00f3n total de 80 horas, distribuidas en 60 horas de clases y 20 horas destinadas a la realizaci\u00f3n de los ex\u00e1menes correspondientes a cada m\u00f3dulo, adem\u00e1s del desarrollo del trabajo individual final.<\/p>\n<p><strong>Dirigido a: <\/strong>Est\u00e1 pensado para profesionales y t\u00e9cnicos que, tanto por razones laborales como por inter\u00e9s formativo, buscan capacitarse en esta tem\u00e1tica. Asimismo, est\u00e1 abierto a usuarios, cultivadores, integrantes de ONGs, cooperativas o empresas dedicadas al cultivo y la producci\u00f3n, as\u00ed como a investigadores y docentes.<\/p>\n<p><strong>Fundamentos<\/strong><\/p>\n<p>En la actualidad, se ha avanzado significativamente en el desarrollo de la tem\u00e1tica relacionada con el uso de la planta de <em data-start=\"1163\" data-end=\"1180\">Cannabis sativa<\/em>, tanto con fines terap\u00e9uticos como industriales y ambientales.<br data-start=\"1243\" data-end=\"1246\" \/><strong data-start=\"1246\" data-end=\"1258\">De hecho<\/strong>, debido a la versatilidad y a las propiedades bot\u00e1nicas que presenta esta especie, cada vez hay un mayor n\u00famero de personas interesadas en capacitarse de forma integral en aspectos como la producci\u00f3n, calidad, investigaci\u00f3n, evaluaci\u00f3n y legislaci\u00f3n relacionada con el cannabis.<br data-start=\"1537\" data-end=\"1540\" \/><strong data-start=\"1540\" data-end=\"1556\">Por lo tanto<\/strong>, resulta de primordial importancia promover la capacitaci\u00f3n de todos los actores que deseen participar y formar parte de las actividades vinculadas al cultivo e industrializaci\u00f3n de la planta.<\/p>\n<p data-start=\"1773\" data-end=\"1863\">El curso se estructura en <strong data-start=\"1799\" data-end=\"1813\">6 unidades<\/strong>, que abordan los conceptos fundamentales sobre:<\/p>\n<ul>\n<li>Historia del cannabis<\/li>\n<li>T\u00e9cnicas de cultivo<\/li>\n<li>Calidad de los cultivos<\/li>\n<li>Caracter\u00edsticas de la cosecha<\/li>\n<li>Actividades postcosecha<\/li>\n<li>Industrializaci\u00f3n<\/li>\n<li>Legislaci\u00f3n vigente<\/li>\n<\/ul>\n<p data-start=\"2049\" data-end=\"2117\"><strong data-start=\"2049\" data-end=\"2065\">De este modo<\/strong>, se garantiza una formaci\u00f3n completa y actualizada.<\/p>\n<h4 data-start=\"2124\" data-end=\"2139\">Objetivos<\/h4>\n<ul>\n<li data-start=\"2142\" data-end=\"2263\">Proporcionar una formaci\u00f3n te\u00f3rica, cient\u00edfica y t\u00e9cnica en el campo de la producci\u00f3n e industrializaci\u00f3n del cannabis.<\/li>\n<li data-start=\"2142\" data-end=\"2263\">Conocer los potenciales usos de la planta en las \u00e1reas medicinal, industrial y ambiental.<\/li>\n<li data-start=\"2142\" data-end=\"2263\">Desarrollar capacidades pr\u00e1cticas para el cultivo y producci\u00f3n de cannabis y sus derivados.<\/li>\n<li data-start=\"2142\" data-end=\"2263\">Comprender las caracter\u00edsticas del proceso de industrializaci\u00f3n de los productos derivados de la planta.<\/li>\n<li data-start=\"2142\" data-end=\"2263\">Conocer los derechos y obligaciones vinculados a la actividad, a trav\u00e9s del estudio e interpretaci\u00f3n de la normativa vigente.<\/li>\n<\/ul>\n<p><strong>Certificaci\u00f3n: <\/strong>Una vez aprobadas todas las instancias propuestas, se emitir\u00e1 el t\u00edtulo certificado por la Fundaci\u00f3n Qu\u00edmica Argentina: Especialista en Producci\u00f3n e Industrializaci\u00f3n del Cannabis.<\/p>\n","protected":false},"excerpt":{"rendered":"<p>\u00a0Curso de Producci\u00f3n e Industrializaci\u00f3n de Cannabis Sativa Organizado por:\u00a0Fundaci\u00f3n Qu\u00edmica Argentina Auspicia: Consejo Profesional de Qu\u00edmica Modalidad:\u00a0A distancia \u2013 Asincr\u00f3nica. Carga horaria: El curso tiene una duraci\u00f3n total de 80 horas, distribuidas en 60 horas de clases y 20 horas destinadas a la realizaci\u00f3n de los ex\u00e1menes correspondientes a cada m\u00f3dulo, adem\u00e1s del desarrollo [&hellip;]<\/p>\n","protected":false},"featured_media":1212,"comment_status":"open","ping_status":"closed","template":"","meta":{"_acf_changed":false},"product_brand":[],"product_cat":[22],"product_tag":[],"class_list":{"0":"post-1211","1":"product","2":"type-product","3":"status-publish","4":"has-post-thumbnail","6":"product_cat-quimica-general","8":"first","9":"outofstock","10":"shipping-taxable","11":"purchasable","12":"product-type-variable"},"acf":[],"yoast_head":"<!-- This site is optimized with the Yoast SEO Premium plugin v24.7 (Yoast SEO v26.3) - https:\/\/yoast.com\/wordpress\/plugins\/seo\/ -->\n<title>Curso de producci\u00f3n e industrializaci\u00f3n de Cannabis sativa - Cursos Fundaci\u00f3n Qu\u00edmica Argentina<\/title>\n<meta name=\"description\" content=\"Curso de produccci\u00f3n e industrializaci\u00f3n de cannabis sativa. Modalidad virtual campus Fundaci\u00f3n Qu\u00edmica Argentina. Abierta la inscripci\u00f3n.\" \/>\n<meta name=\"robots\" content=\"index, follow, max-snippet:-1, max-image-preview:large, max-video-preview:-1\" \/>\n<link rel=\"canonical\" href=\"https:\/\/fundacionquimica.org.ar\/cursos\/cursos\/curso-produccion-industrializacion-de-cannabis-sativa\/\" \/>\n<meta property=\"og:locale\" content=\"es_ES\" \/>\n<meta property=\"og:type\" content=\"article\" \/>\n<meta property=\"og:title\" content=\"Curso de producci\u00f3n e industrializaci\u00f3n de Cannabis sativa\" \/>\n<meta property=\"og:description\" content=\"Curso de produccci\u00f3n e industrializaci\u00f3n de cannabis sativa. Modalidad virtual campus Fundaci\u00f3n Qu\u00edmica Argentina. Abierta la inscripci\u00f3n.\" \/>\n<meta property=\"og:url\" content=\"https:\/\/fundacionquimica.org.ar\/cursos\/cursos\/curso-produccion-industrializacion-de-cannabis-sativa\/\" \/>\n<meta property=\"og:site_name\" content=\"Cursos Fundaci\u00f3n Qu\u00edmica Argentina\" \/>\n<meta property=\"article:publisher\" content=\"https:\/\/www.facebook.com\/FundacionQuimicaArgentina\" \/>\n<meta property=\"article:modified_time\" content=\"2026-01-13T19:17:50+00:00\" \/>\n<meta property=\"og:image\" content=\"https:\/\/fundacionquimica.org.ar\/cursos\/wp-content\/uploads\/2025\/01\/Cannabis-medicinal.webp\" \/>\n\t<meta property=\"og:image:width\" content=\"1200\" \/>\n\t<meta property=\"og:image:height\" content=\"599\" \/>\n\t<meta property=\"og:image:type\" content=\"image\/webp\" \/>\n<meta name=\"twitter:card\" content=\"summary_large_image\" \/>\n<meta name=\"twitter:label1\" content=\"Disponibilidad\" \/>\n\t<meta name=\"twitter:data1\" content=\"Sin existencias\" \/>\n<script type=\"application\/ld+json\" class=\"yoast-schema-graph\">{\"@context\":\"https:\/\/schema.org\",\"@graph\":[{\"@type\":\"WebPage\",\"@id\":\"https:\/\/fundacionquimica.org.ar\/cursos\/cursos\/curso-produccion-industrializacion-de-cannabis-sativa\/\",\"url\":\"https:\/\/fundacionquimica.org.ar\/cursos\/cursos\/curso-produccion-industrializacion-de-cannabis-sativa\/\",\"name\":\"Curso de producci\u00f3n e industrializaci\u00f3n de Cannabis sativa - Cursos Fundaci\u00f3n Qu\u00edmica Argentina\",\"isPartOf\":{\"@id\":\"https:\/\/fundacionquimica.org.ar\/cursos\/#website\"},\"primaryImageOfPage\":{\"@id\":\"https:\/\/fundacionquimica.org.ar\/cursos\/cursos\/curso-produccion-industrializacion-de-cannabis-sativa\/#primaryimage\"},\"image\":{\"@id\":\"https:\/\/fundacionquimica.org.ar\/cursos\/cursos\/curso-produccion-industrializacion-de-cannabis-sativa\/#primaryimage\"},\"thumbnailUrl\":\"https:\/\/fundacionquimica.org.ar\/cursos\/wp-content\/uploads\/2025\/01\/Cannabis-medicinal.webp\",\"datePublished\":\"2025-01-04T16:18:12+00:00\",\"dateModified\":\"2026-01-13T19:17:50+00:00\",\"description\":\"Curso de produccci\u00f3n e industrializaci\u00f3n de cannabis sativa. Modalidad virtual campus Fundaci\u00f3n Qu\u00edmica Argentina. Abierta la inscripci\u00f3n.\",\"breadcrumb\":{\"@id\":\"https:\/\/fundacionquimica.org.ar\/cursos\/cursos\/curso-produccion-industrializacion-de-cannabis-sativa\/#breadcrumb\"},\"inLanguage\":\"es\",\"potentialAction\":[{\"@type\":\"ReadAction\",\"target\":[\"https:\/\/fundacionquimica.org.ar\/cursos\/cursos\/curso-produccion-industrializacion-de-cannabis-sativa\/\"]}]},{\"@type\":\"ImageObject\",\"inLanguage\":\"es\",\"@id\":\"https:\/\/fundacionquimica.org.ar\/cursos\/cursos\/curso-produccion-industrializacion-de-cannabis-sativa\/#primaryimage\",\"url\":\"https:\/\/fundacionquimica.org.ar\/cursos\/wp-content\/uploads\/2025\/01\/Cannabis-medicinal.webp\",\"contentUrl\":\"https:\/\/fundacionquimica.org.ar\/cursos\/wp-content\/uploads\/2025\/01\/Cannabis-medicinal.webp\",\"width\":1200,\"height\":599},{\"@type\":\"BreadcrumbList\",\"@id\":\"https:\/\/fundacionquimica.org.ar\/cursos\/cursos\/curso-produccion-industrializacion-de-cannabis-sativa\/#breadcrumb\",\"itemListElement\":[{\"@type\":\"ListItem\",\"position\":1,\"name\":\"Home\",\"item\":\"https:\/\/fundacionquimica.org.ar\/cursos\/\"},{\"@type\":\"ListItem\",\"position\":2,\"name\":\"Todos los Cursos\",\"item\":\"https:\/\/fundacionquimica.org.ar\/cursos\/cursos\/\"},{\"@type\":\"ListItem\",\"position\":3,\"name\":\"Curso de producci\u00f3n e industrializaci\u00f3n de Cannabis sativa\"}]},{\"@type\":\"WebSite\",\"@id\":\"https:\/\/fundacionquimica.org.ar\/cursos\/#website\",\"url\":\"https:\/\/fundacionquimica.org.ar\/cursos\/\",\"name\":\"Cursos Fundaci\u00f3n Qu\u00edmica Argentina\",\"description\":\"\",\"publisher\":{\"@id\":\"https:\/\/fundacionquimica.org.ar\/cursos\/#organization\"},\"potentialAction\":[{\"@type\":\"SearchAction\",\"target\":{\"@type\":\"EntryPoint\",\"urlTemplate\":\"https:\/\/fundacionquimica.org.ar\/cursos\/?s={search_term_string}\"},\"query-input\":{\"@type\":\"PropertyValueSpecification\",\"valueRequired\":true,\"valueName\":\"search_term_string\"}}],\"inLanguage\":\"es\"},{\"@type\":\"Organization\",\"@id\":\"https:\/\/fundacionquimica.org.ar\/cursos\/#organization\",\"name\":\"Fundaci\u00f3n Qu\u00edmica Argentina\",\"url\":\"https:\/\/fundacionquimica.org.ar\/cursos\/\",\"logo\":{\"@type\":\"ImageObject\",\"inLanguage\":\"es\",\"@id\":\"https:\/\/fundacionquimica.org.ar\/cursos\/#\/schema\/logo\/image\/\",\"url\":\"https:\/\/fundacionquimica.org.ar\/cursos-nuevo\/wp-content\/uploads\/2024\/06\/cropped-f-1-32x32-1.jpg\",\"contentUrl\":\"https:\/\/fundacionquimica.org.ar\/cursos-nuevo\/wp-content\/uploads\/2024\/06\/cropped-f-1-32x32-1.jpg\",\"width\":32,\"height\":32,\"caption\":\"Fundaci\u00f3n Qu\u00edmica Argentina\"},\"image\":{\"@id\":\"https:\/\/fundacionquimica.org.ar\/cursos\/#\/schema\/logo\/image\/\"},\"sameAs\":[\"https:\/\/www.facebook.com\/FundacionQuimicaArgentina\",\"https:\/\/www.linkedin.com\/company\/cursosfqa\"]}]}<\/script>\n<meta property=\"og:availability\" content=\"out of stock\" \/>\n<meta property=\"product:availability\" content=\"out of stock\" \/>\n<meta property=\"product:condition\" content=\"new\" \/>\n<!-- \/ Yoast SEO Premium plugin. -->","yoast_head_json":{"title":"Curso de producci\u00f3n e industrializaci\u00f3n de Cannabis sativa - Cursos Fundaci\u00f3n Qu\u00edmica Argentina","description":"Curso de produccci\u00f3n e industrializaci\u00f3n de cannabis sativa. Modalidad virtual campus Fundaci\u00f3n Qu\u00edmica Argentina. Abierta la inscripci\u00f3n.","robots":{"index":"index","follow":"follow","max-snippet":"max-snippet:-1","max-image-preview":"max-image-preview:large","max-video-preview":"max-video-preview:-1"},"canonical":"https:\/\/fundacionquimica.org.ar\/cursos\/cursos\/curso-produccion-industrializacion-de-cannabis-sativa\/","og_locale":"es_ES","og_type":"article","og_title":"Curso de producci\u00f3n e industrializaci\u00f3n de Cannabis sativa","og_description":"Curso de produccci\u00f3n e industrializaci\u00f3n de cannabis sativa. Modalidad virtual campus Fundaci\u00f3n Qu\u00edmica Argentina. Abierta la inscripci\u00f3n.","og_url":"https:\/\/fundacionquimica.org.ar\/cursos\/cursos\/curso-produccion-industrializacion-de-cannabis-sativa\/","og_site_name":"Cursos Fundaci\u00f3n Qu\u00edmica Argentina","article_publisher":"https:\/\/www.facebook.com\/FundacionQuimicaArgentina","article_modified_time":"2026-01-13T19:17:50+00:00","og_image":[{"width":1200,"height":599,"url":"https:\/\/fundacionquimica.org.ar\/cursos\/wp-content\/uploads\/2025\/01\/Cannabis-medicinal.webp","type":"image\/webp"}],"twitter_card":"summary_large_image","twitter_misc":{"Disponibilidad":"Sin existencias"},"schema":{"@context":"https:\/\/schema.org","@graph":[{"@type":"WebPage","@id":"https:\/\/fundacionquimica.org.ar\/cursos\/cursos\/curso-produccion-industrializacion-de-cannabis-sativa\/","url":"https:\/\/fundacionquimica.org.ar\/cursos\/cursos\/curso-produccion-industrializacion-de-cannabis-sativa\/","name":"Curso de producci\u00f3n e industrializaci\u00f3n de Cannabis sativa - Cursos Fundaci\u00f3n Qu\u00edmica Argentina","isPartOf":{"@id":"https:\/\/fundacionquimica.org.ar\/cursos\/#website"},"primaryImageOfPage":{"@id":"https:\/\/fundacionquimica.org.ar\/cursos\/cursos\/curso-produccion-industrializacion-de-cannabis-sativa\/#primaryimage"},"image":{"@id":"https:\/\/fundacionquimica.org.ar\/cursos\/cursos\/curso-produccion-industrializacion-de-cannabis-sativa\/#primaryimage"},"thumbnailUrl":"https:\/\/fundacionquimica.org.ar\/cursos\/wp-content\/uploads\/2025\/01\/Cannabis-medicinal.webp","datePublished":"2025-01-04T16:18:12+00:00","dateModified":"2026-01-13T19:17:50+00:00","description":"Curso de produccci\u00f3n e industrializaci\u00f3n de cannabis sativa. Modalidad virtual campus Fundaci\u00f3n Qu\u00edmica Argentina. Abierta la inscripci\u00f3n.","breadcrumb":{"@id":"https:\/\/fundacionquimica.org.ar\/cursos\/cursos\/curso-produccion-industrializacion-de-cannabis-sativa\/#breadcrumb"},"inLanguage":"es","potentialAction":[{"@type":"ReadAction","target":["https:\/\/fundacionquimica.org.ar\/cursos\/cursos\/curso-produccion-industrializacion-de-cannabis-sativa\/"]}]},{"@type":"ImageObject","inLanguage":"es","@id":"https:\/\/fundacionquimica.org.ar\/cursos\/cursos\/curso-produccion-industrializacion-de-cannabis-sativa\/#primaryimage","url":"https:\/\/fundacionquimica.org.ar\/cursos\/wp-content\/uploads\/2025\/01\/Cannabis-medicinal.webp","contentUrl":"https:\/\/fundacionquimica.org.ar\/cursos\/wp-content\/uploads\/2025\/01\/Cannabis-medicinal.webp","width":1200,"height":599},{"@type":"BreadcrumbList","@id":"https:\/\/fundacionquimica.org.ar\/cursos\/cursos\/curso-produccion-industrializacion-de-cannabis-sativa\/#breadcrumb","itemListElement":[{"@type":"ListItem","position":1,"name":"Home","item":"https:\/\/fundacionquimica.org.ar\/cursos\/"},{"@type":"ListItem","position":2,"name":"Todos los Cursos","item":"https:\/\/fundacionquimica.org.ar\/cursos\/cursos\/"},{"@type":"ListItem","position":3,"name":"Curso de producci\u00f3n e industrializaci\u00f3n de Cannabis sativa"}]},{"@type":"WebSite","@id":"https:\/\/fundacionquimica.org.ar\/cursos\/#website","url":"https:\/\/fundacionquimica.org.ar\/cursos\/","name":"Cursos Fundaci\u00f3n Qu\u00edmica Argentina","description":"","publisher":{"@id":"https:\/\/fundacionquimica.org.ar\/cursos\/#organization"},"potentialAction":[{"@type":"SearchAction","target":{"@type":"EntryPoint","urlTemplate":"https:\/\/fundacionquimica.org.ar\/cursos\/?s={search_term_string}"},"query-input":{"@type":"PropertyValueSpecification","valueRequired":true,"valueName":"search_term_string"}}],"inLanguage":"es"},{"@type":"Organization","@id":"https:\/\/fundacionquimica.org.ar\/cursos\/#organization","name":"Fundaci\u00f3n Qu\u00edmica Argentina","url":"https:\/\/fundacionquimica.org.ar\/cursos\/","logo":{"@type":"ImageObject","inLanguage":"es","@id":"https:\/\/fundacionquimica.org.ar\/cursos\/#\/schema\/logo\/image\/","url":"https:\/\/fundacionquimica.org.ar\/cursos-nuevo\/wp-content\/uploads\/2024\/06\/cropped-f-1-32x32-1.jpg","contentUrl":"https:\/\/fundacionquimica.org.ar\/cursos-nuevo\/wp-content\/uploads\/2024\/06\/cropped-f-1-32x32-1.jpg","width":32,"height":32,"caption":"Fundaci\u00f3n Qu\u00edmica Argentina"},"image":{"@id":"https:\/\/fundacionquimica.org.ar\/cursos\/#\/schema\/logo\/image\/"},"sameAs":["https:\/\/www.facebook.com\/FundacionQuimicaArgentina","https:\/\/www.linkedin.com\/company\/cursosfqa"]}]},"og_availability":"out of stock","product_availability":"out of stock","product_condition":"new"},"_links":{"self":[{"href":"https:\/\/fundacionquimica.org.ar\/cursos\/wp-json\/wp\/v2\/product\/1211","targetHints":{"allow":["GET"]}}],"collection":[{"href":"https:\/\/fundacionquimica.org.ar\/cursos\/wp-json\/wp\/v2\/product"}],"about":[{"href":"https:\/\/fundacionquimica.org.ar\/cursos\/wp-json\/wp\/v2\/types\/product"}],"replies":[{"embeddable":true,"href":"https:\/\/fundacionquimica.org.ar\/cursos\/wp-json\/wp\/v2\/comments?post=1211"}],"wp:featuredmedia":[{"embeddable":true,"href":"https:\/\/fundacionquimica.org.ar\/cursos\/wp-json\/wp\/v2\/media\/1212"}],"wp:attachment":[{"href":"https:\/\/fundacionquimica.org.ar\/cursos\/wp-json\/wp\/v2\/media?parent=1211"}],"wp:term":[{"taxonomy":"product_brand","embeddable":true,"href":"https:\/\/fundacionquimica.org.ar\/cursos\/wp-json\/wp\/v2\/product_brand?post=1211"},{"taxonomy":"product_cat","embeddable":true,"href":"https:\/\/fundacionquimica.org.ar\/cursos\/wp-json\/wp\/v2\/product_cat?post=1211"},{"taxonomy":"product_tag","embeddable":true,"href":"https:\/\/fundacionquimica.org.ar\/cursos\/wp-json\/wp\/v2\/product_tag?post=1211"}],"curies":[{"name":"wp","href":"https:\/\/api.w.org\/{rel}","templated":true}]}}