{"id":39,"date":"2018-04-10T11:39:33","date_gmt":"2018-04-10T11:39:33","guid":{"rendered":"http:\/\/grupomagma.com.ar\/cofilab\/?page_id=39"},"modified":"2018-04-10T11:39:33","modified_gmt":"2018-04-10T11:39:33","slug":"requisitos-y-obligaciones","status":"publish","type":"page","link":"https:\/\/fundacionquimica.org.ar\/cofilab\/requisitos-y-obligaciones\/","title":{"rendered":"Requisitos y Obligaciones"},"content":{"rendered":"<p>[et_pb_section fb_built=\u00bb1&#8243; fullwidth=\u00bbon\u00bb admin_label=\u00bbsection\u00bb custom_padding_last_edited=\u00bbon|desktop\u00bb _builder_version=\u00bb3.0.100&#8243; custom_padding_tablet=\u00bb50px|0|50px|0&#8243; box_shadow_style=\u00bbpreset3&#8243; transparent_background=\u00bboff\u00bb padding_mobile=\u00bboff\u00bb][et_pb_fullwidth_header title=\u00bbCOFILAB\u00bb subhead=\u00bbConsejo de Fiscalizaci\u00f3n de Laboratorios.\u00bb background_layout=\u00bbdark\u00bb admin_label=\u00bbFullwidth Header\u00bb _builder_version=\u00bb3.0.100&#8243; title_font=\u00bbPoppins|600|||||||\u00bb content_font=\u00bb||||||||\u00bb content_font_size=\u00bb15px\u00bb subhead_font=\u00bbOswald|300|||||||\u00bb subhead_font_size=\u00bb21px\u00bb background_image=\u00bbhttp:\/\/fundacionquimica.org.ar\/cofilab\/wp-content\/uploads\/2018\/04\/chemical_lab_banner.jpg\u00bb background_url=\u00bbhttp:\/\/fundacionquimica.org.ar\/cofilab\/wp-content\/uploads\/2018\/04\/CASAMIENTOS.jpg\u00bb][\/et_pb_fullwidth_header][\/et_pb_section][et_pb_section fb_built=\u00bb1&#8243; admin_label=\u00bbsection\u00bb custom_padding_last_edited=\u00bbon|desktop\u00bb _builder_version=\u00bb3.0.47&#8243; custom_padding=\u00bb54px|0px|57px|0px\u00bb custom_padding_tablet=\u00bb50px|0|50px|0&#8243; transparent_background=\u00bboff\u00bb][et_pb_row custom_padding=\u00bb3px|0px|27px|0px\u00bb column_padding_mobile=\u00bbon\u00bb _builder_version=\u00bb3.0.47&#8243; background_size=\u00bbinitial\u00bb background_position=\u00bbtop_left\u00bb background_repeat=\u00bbrepeat\u00bb][et_pb_column type=\u00bb1_2&#8243; _builder_version=\u00bb3.0.47&#8243; column_padding_mobile=\u00bbon\u00bb parallax=\u00bboff\u00bb parallax_method=\u00bbon\u00bb][et_pb_text _builder_version=\u00bb3.0.100&#8243; background_size=\u00bbinitial\u00bb background_position=\u00bbtop_left\u00bb background_repeat=\u00bbrepeat\u00bb use_border_color=\u00bboff\u00bb border_style=\u00bbsolid\u00bb]<\/p>\n<h1 style=\"text-align: justify;\"><strong><span style=\"color: #009d53;\">Requisitos y Obligaciones<\/span><\/strong><\/h1>\n<p style=\"text-align: justify;\">Los integrantes del Consejo Superior, los integrantes de los distintos Comit\u00e9s de Consulta y el Consejo Auditor ser\u00e1n designados para cumplir sus funciones por resoluci\u00f3n del Consejo Directivo del <span style=\"color: #009d53;\"><strong>C.P.Q<\/strong><\/span>; el personal especializado (coordinador general, evaluador, verificadores, etc.), as\u00ed como el personal administrativo y auxiliar, ser\u00e1 nombrado a solicitud del Consejo Superior del <span style=\"color: #009d53;\"><strong>COFILAB<\/strong><\/span>.<\/p>\n<p style=\"text-align: justify;\">En la\u00a0Todos los integrantes del <span style=\"color: #009d53;\"><strong>COFILAB<\/strong><\/span>, ya sean de los niveles superiores como el personal operativo (con excepci\u00f3n del personal administrativo y auxiliar), cumplir\u00e1n con los siguientes requisitos profesionales y \u00e9ticos:<\/p>\n<p>[\/et_pb_text][\/et_pb_column][et_pb_column type=\u00bb1_2&#8243; _builder_version=\u00bb3.0.47&#8243; column_padding_mobile=\u00bbon\u00bb parallax=\u00bboff\u00bb parallax_method=\u00bbon\u00bb][et_pb_image src=\u00bbhttp:\/\/fundacionquimica.org.ar\/cofilab\/wp-content\/uploads\/2018\/04\/family.jpg\u00bb _builder_version=\u00bb3.0.100&#8243; animation_style=\u00bbslide\u00bb animation_direction=\u00bbleft\u00bb animation_duration=\u00bb500ms\u00bb animation_intensity_slide=\u00bb10%\u00bb use_border_color=\u00bboff\u00bb border_color=\u00bb#ffffff\u00bb border_width=\u00bb1px\u00bb border_style=\u00bbsolid\u00bb sticky=\u00bboff\u00bb][\/et_pb_image][\/et_pb_column][\/et_pb_row][et_pb_row custom_padding=\u00bb0px|0px|0px|0px\u00bb _builder_version=\u00bb3.0.100&#8243;][et_pb_column type=\u00bb4_4&#8243; _builder_version=\u00bb3.0.100&#8243; parallax=\u00bboff\u00bb parallax_method=\u00bbon\u00bb][et_pb_text _builder_version=\u00bb3.0.100&#8243;]<\/p>\n<p style=\"text-align: justify;\">Ser profesionales universitarios, matriculados en el Consejo Profesional de Qu\u00edmica de la Prov. de Bs. As. o en el Consejo o Colegio que le correspondiere y no podr\u00e1n ser propietarios o directores t\u00e9cnicos de laboratorio alguno ni brindar asesoramiento en tal sentido, debiendo observar fielmente la Ley 7.020, sus reglamentos y el C\u00f3digo de \u00c9tica.<\/p>\n<p style=\"text-align: justify;\">Los comit\u00e9s de consulta podr\u00e1n estar integrados -en casos excepcionales- por personas que no cumpliendo algunos de los requisitos mencionados, ya sea por sus conocimientos, capacidad reconocida o prestigio, puedan hacer aportes para el mejor funcionamiento o desempe\u00f1o del <strong><span style=\"color: #009d53;\">COFILAB<\/span><\/strong>.<\/p>\n<p>[\/et_pb_text][\/et_pb_column][\/et_pb_row][\/et_pb_section]<\/p>\n","protected":false},"excerpt":{"rendered":"<p>Requisitos y Obligaciones Los integrantes del Consejo Superior, los integrantes de los distintos Comit\u00e9s de Consulta y el Consejo Auditor ser\u00e1n designados para cumplir sus funciones por resoluci\u00f3n del Consejo Directivo del C.P.Q; el personal especializado (coordinador general, evaluador, verificadores, etc.), as\u00ed como el personal administrativo y auxiliar, ser\u00e1 nombrado a solicitud del Consejo Superior [&hellip;]<\/p>\n","protected":false},"author":1,"featured_media":0,"parent":0,"menu_order":0,"comment_status":"closed","ping_status":"closed","template":"","meta":{"_et_pb_use_builder":"on","_et_pb_old_content":"","_et_gb_content_width":"","footnotes":""},"class_list":["post-39","page","type-page","status-publish","hentry"],"_links":{"self":[{"href":"https:\/\/fundacionquimica.org.ar\/cofilab\/wp-json\/wp\/v2\/pages\/39","targetHints":{"allow":["GET"]}}],"collection":[{"href":"https:\/\/fundacionquimica.org.ar\/cofilab\/wp-json\/wp\/v2\/pages"}],"about":[{"href":"https:\/\/fundacionquimica.org.ar\/cofilab\/wp-json\/wp\/v2\/types\/page"}],"author":[{"embeddable":true,"href":"https:\/\/fundacionquimica.org.ar\/cofilab\/wp-json\/wp\/v2\/users\/1"}],"replies":[{"embeddable":true,"href":"https:\/\/fundacionquimica.org.ar\/cofilab\/wp-json\/wp\/v2\/comments?post=39"}],"version-history":[{"count":0,"href":"https:\/\/fundacionquimica.org.ar\/cofilab\/wp-json\/wp\/v2\/pages\/39\/revisions"}],"wp:attachment":[{"href":"https:\/\/fundacionquimica.org.ar\/cofilab\/wp-json\/wp\/v2\/media?parent=39"}],"curies":[{"name":"wp","href":"https:\/\/api.w.org\/{rel}","templated":true}]}}