{"id":18,"date":"2018-04-09T23:01:28","date_gmt":"2018-04-09T23:01:28","guid":{"rendered":"http:\/\/grupomagma.com.ar\/cofilab\/?page_id=18"},"modified":"2018-04-09T23:01:28","modified_gmt":"2018-04-09T23:01:28","slug":"estampillas-de-seguridad","status":"publish","type":"page","link":"https:\/\/fundacionquimica.org.ar\/cofilab\/estampillas-de-seguridad\/","title":{"rendered":"ESTAMPILLAS DE SEGURIDAD"},"content":{"rendered":"<p>[et_pb_section fb_built=\u00bb1&#8243; fullwidth=\u00bbon\u00bb admin_label=\u00bbsection\u00bb custom_padding_last_edited=\u00bbon|desktop\u00bb _builder_version=\u00bb3.0.100&#8243; custom_padding_tablet=\u00bb50px|0|50px|0&#8243; box_shadow_style=\u00bbpreset3&#8243; transparent_background=\u00bboff\u00bb padding_mobile=\u00bboff\u00bb][et_pb_fullwidth_header title=\u00bbSERVICIOS\u00bb subhead=\u00bbCOFILAB &#8211; Consejo de Fiscalizaci\u00f3n de Laboratorios.\u00bb background_layout=\u00bbdark\u00bb admin_label=\u00bbFullwidth Header\u00bb _builder_version=\u00bb3.0.100&#8243; title_font=\u00bbPoppins|600|||||||\u00bb content_font=\u00bb||||||||\u00bb content_font_size=\u00bb15px\u00bb subhead_font=\u00bbOswald|300|||||||\u00bb subhead_font_size=\u00bb21px\u00bb background_image=\u00bbhttp:\/\/fundacionquimica.org.ar\/cofilab\/wp-content\/uploads\/2018\/04\/banner-lab.jpg\u00bb background_url=\u00bbhttp:\/\/fundacionquimica.org.ar\/cofilab\/wp-content\/uploads\/2018\/04\/CASAMIENTOS.jpg\u00bb][\/et_pb_fullwidth_header][\/et_pb_section][et_pb_section fb_built=\u00bb1&#8243; admin_label=\u00bbsection\u00bb custom_padding_last_edited=\u00bbon|desktop\u00bb _builder_version=\u00bb3.0.47&#8243; custom_padding=\u00bb29px|0px|26px|0px\u00bb custom_padding_tablet=\u00bb50px|0|50px|0&#8243; transparent_background=\u00bboff\u00bb][et_pb_row custom_padding=\u00bb27px|0px|38px|0px\u00bb column_padding_mobile=\u00bbon\u00bb _builder_version=\u00bb3.0.47&#8243; background_size=\u00bbinitial\u00bb background_position=\u00bbtop_left\u00bb background_repeat=\u00bbrepeat\u00bb][et_pb_column type=\u00bb4_4&#8243; _builder_version=\u00bb3.0.47&#8243; column_padding_mobile=\u00bbon\u00bb parallax=\u00bboff\u00bb parallax_method=\u00bbon\u00bb][et_pb_text _builder_version=\u00bb3.0.100&#8243; background_size=\u00bbinitial\u00bb background_position=\u00bbtop_left\u00bb background_repeat=\u00bbrepeat\u00bb use_border_color=\u00bboff\u00bb border_style=\u00bbsolid\u00bb]<\/p>\n<h1 style=\"text-align: justify;\"><strong><span style=\"color: #009d53;\">Estampillas de Seguridad<\/span><\/strong><\/h1>\n<blockquote>\n<p style=\"text-align: justify;\">Las estampillas de seguridad, solo se entregan a los Laboratorios Certificados, lo cual garantiza a la persona o instituci\u00f3n que solicita un an\u00e1lisis -o quien recibe un informe de an\u00e1lisis, con la estampilla pegada-, que el mismo esta respaldado por el COFILAB quien garantiza que el laboratorio emisor esta certificado en sus capacidades. Las mismas tienen los siguientes elementos de control:<\/p>\n<\/blockquote>\n<p style=\"text-align: justify;\"><span style=\"font-size: medium;\"><strong><span style=\"color: #009d53;\">Caracter\u00edsticas T\u00e9cnicas<\/span><\/strong><\/span><\/p>\n<p style=\"text-align: justify;\">En color rosa logotipo y nombre de nuestra instituci\u00f3n, con tinta termo sensible para una r\u00e1pida identificaci\u00f3n (desaparece con la temperatura de la mano volviendo a aparecer a temperatura normal), no se puede duplicar mediante fotocopia ni levantar con esc\u00e1ner.<\/p>\n<ul>\n<li>Micro impresi\u00f3n sobre el circulo central, no se puede fotocopiar ni levantar con esc\u00e1ner.<\/li>\n<li>Defecto de tipograf\u00eda para dificultar su copiado.<\/li>\n<li>Numeraci\u00f3n personalizada y secuencial para cada Laboratorio.<\/li>\n<li>Dos algoritmos matem\u00e1ticos con f\u00f3rmulas independientes dentro de la numeraci\u00f3n, con dos personas f\u00edsicas distintas que lo controlan<br \/>\n(personal del Consejo y de la empresa gr\u00e1fica).<\/li>\n<li>Por cada n\u00famero de estampillas se entregan tres unidades identificadas alfab\u00e9ticamente (una para el laboratorio emisor y dos para el cliente).<\/li>\n<\/ul>\n<p>[\/et_pb_text][\/et_pb_column][\/et_pb_row][et_pb_row custom_padding=\u00bb0px|0px|54px|0px\u00bb _builder_version=\u00bb3.0.100&#8243;][et_pb_column type=\u00bb4_4&#8243; _builder_version=\u00bb3.0.100&#8243; parallax=\u00bboff\u00bb parallax_method=\u00bbon\u00bb][et_pb_image src=\u00bbhttp:\/\/fundacionquimica.org.ar\/cofilab\/wp-content\/uploads\/2018\/04\/estampilla-1.jpg\u00bb align=\u00bbcenter\u00bb _builder_version=\u00bb3.0.100&#8243;][\/et_pb_image][\/et_pb_column][\/et_pb_row][et_pb_row _builder_version=\u00bb3.0.100&#8243;][et_pb_column type=\u00bb4_4&#8243; _builder_version=\u00bb3.0.100&#8243; parallax=\u00bboff\u00bb parallax_method=\u00bbon\u00bb][et_pb_contact_form email=\u00bbinfo@cofilab.org.ar\u00bb title=\u00bbPara obtener mayor informaci\u00f3n\u00bb success_message=\u00bbGracias por contactarte con Cofilab en breve responderemos su consulta.\u00bb module_id=\u00bbet_pb_contact_form_0&#8243; _builder_version=\u00bb3.0.100&#8243;][et_pb_contact_field field_id=\u00bbName\u00bb field_title=\u00bbNombre &#8211; Empresa\u00bb fullwidth_field=\u00bbon\u00bb _builder_version=\u00bb3.0.100&#8243; form_field_font=\u00bb||||||||\u00bb border_radii=\u00bbon||||\u00bb][\/et_pb_contact_field][et_pb_contact_field field_id=\u00bbtel\u00bb field_title=\u00bbTel\/Cel\u00bb _builder_version=\u00bb3.0.100&#8243; border_radii=\u00bbon||||\u00bb][\/et_pb_contact_field][et_pb_contact_field field_id=\u00bbEmail\u00bb field_title=\u00bbDirecci\u00f3n de correo electr\u00f3nico\u00bb field_type=\u00bbemail\u00bb _builder_version=\u00bb3.0.47&#8243; border_radii=\u00bbon||||\u00bb][\/et_pb_contact_field][et_pb_contact_field field_id=\u00bbdireccion\u00bb field_title=\u00bbDirecci\u00f3n\u00bb _builder_version=\u00bb3.0.100&#8243; border_radii=\u00bbon||||\u00bb][\/et_pb_contact_field][et_pb_contact_field field_id=\u00bblocalidad\u00bb field_title=\u00bbLocalidad\u00bb _builder_version=\u00bb3.0.100&#8243; border_radii=\u00bbon||||\u00bb][\/et_pb_contact_field][et_pb_contact_field field_id=\u00bbMessage\u00bb field_title=\u00bbConsulta\u00bb field_type=\u00bbtext\u00bb fullwidth_field=\u00bbon\u00bb _builder_version=\u00bb3.0.100&#8243; border_radii=\u00bbon||||\u00bb][\/et_pb_contact_field][\/et_pb_contact_form][\/et_pb_column][\/et_pb_row][\/et_pb_section]<\/p>\n","protected":false},"excerpt":{"rendered":"<p>Estampillas de Seguridad Las estampillas de seguridad, solo se entregan a los Laboratorios Certificados, lo cual garantiza a la persona o instituci\u00f3n que solicita un an\u00e1lisis -o quien recibe un informe de an\u00e1lisis, con la estampilla pegada-, que el mismo esta respaldado por el COFILAB quien garantiza que el laboratorio emisor esta certificado en sus [&hellip;]<\/p>\n","protected":false},"author":1,"featured_media":0,"parent":0,"menu_order":0,"comment_status":"closed","ping_status":"closed","template":"","meta":{"_et_pb_use_builder":"on","_et_pb_old_content":"","_et_gb_content_width":"","footnotes":""},"class_list":["post-18","page","type-page","status-publish","hentry"],"_links":{"self":[{"href":"https:\/\/fundacionquimica.org.ar\/cofilab\/wp-json\/wp\/v2\/pages\/18","targetHints":{"allow":["GET"]}}],"collection":[{"href":"https:\/\/fundacionquimica.org.ar\/cofilab\/wp-json\/wp\/v2\/pages"}],"about":[{"href":"https:\/\/fundacionquimica.org.ar\/cofilab\/wp-json\/wp\/v2\/types\/page"}],"author":[{"embeddable":true,"href":"https:\/\/fundacionquimica.org.ar\/cofilab\/wp-json\/wp\/v2\/users\/1"}],"replies":[{"embeddable":true,"href":"https:\/\/fundacionquimica.org.ar\/cofilab\/wp-json\/wp\/v2\/comments?post=18"}],"version-history":[{"count":0,"href":"https:\/\/fundacionquimica.org.ar\/cofilab\/wp-json\/wp\/v2\/pages\/18\/revisions"}],"wp:attachment":[{"href":"https:\/\/fundacionquimica.org.ar\/cofilab\/wp-json\/wp\/v2\/media?parent=18"}],"curies":[{"name":"wp","href":"https:\/\/api.w.org\/{rel}","templated":true}]}}