{"id":12905,"date":"2021-02-20T20:41:06","date_gmt":"2021-02-20T20:41:06","guid":{"rendered":"https:\/\/fundacionquimica.org.ar\/ateneo\/?page_id=12905"},"modified":"2021-02-20T21:05:29","modified_gmt":"2021-02-20T21:05:29","slug":"porque-democrito","status":"publish","type":"page","link":"https:\/\/fundacionquimica.org.ar\/ateneo\/porque-democrito\/","title":{"rendered":"\u00bfPORQU\u00c9 DEM\u00d3CRITO?"},"content":{"rendered":"\t\t<div data-elementor-type=\"wp-page\" data-elementor-id=\"12905\" class=\"elementor elementor-12905\">\n\t\t\t\t\t\t<section class=\"elementor-section elementor-top-section elementor-element elementor-element-bd31d33 elementor-section-stretched elementor-section-boxed elementor-section-height-default elementor-section-height-default\" data-id=\"bd31d33\" data-element_type=\"section\" data-settings=\"{&quot;stretch_section&quot;:&quot;section-stretched&quot;}\">\n\t\t\t\t\t\t<div class=\"elementor-container elementor-column-gap-default\">\n\t\t\t\t\t<div class=\"elementor-column elementor-col-100 elementor-top-column elementor-element elementor-element-5f05cb2\" data-id=\"5f05cb2\" data-element_type=\"column\">\n\t\t\t<div class=\"elementor-widget-wrap elementor-element-populated\">\n\t\t\t\t\t\t<section class=\"elementor-section elementor-inner-section elementor-element elementor-element-244f318 elementor-section-content-middle elementor-section-boxed elementor-section-height-default elementor-section-height-default\" data-id=\"244f318\" data-element_type=\"section\">\n\t\t\t\t\t\t<div class=\"elementor-container elementor-column-gap-default\">\n\t\t\t\t\t<div class=\"elementor-column elementor-col-50 elementor-inner-column elementor-element elementor-element-cdde336\" data-id=\"cdde336\" data-element_type=\"column\">\n\t\t\t<div class=\"elementor-widget-wrap elementor-element-populated\">\n\t\t\t\t\t\t<div class=\"elementor-element elementor-element-ee519a0 elementor-widget elementor-widget-rs-heading\" data-id=\"ee519a0\" data-element_type=\"widget\" data-widget_type=\"rs-heading.default\">\n\t\t\t\t<div class=\"elementor-widget-container\">\n\t\t\t        <div class=\"rs-heading default \">\r\n        \t<div class=\"title-inner\">\r\n        \t\t      \t\t\r\n\t            <h2 class=\"title\"><span class=\"watermark\"><\/span>\u00bfPorqu\u00e9 DEM\u00d3CRITO?<\/h2>\t        <\/div>\r\n\t                <\/div>\r\n        \t\t<\/div>\n\t\t\t\t<\/div>\n\t\t\t\t<div class=\"elementor-element elementor-element-737a0e3 elementor-widget elementor-widget-rs-heading\" data-id=\"737a0e3\" data-element_type=\"widget\" data-widget_type=\"rs-heading.default\">\n\t\t\t\t<div class=\"elementor-widget-container\">\n\t\t\t        <div class=\"rs-heading default \">\r\n        \t<div class=\"title-inner\">\r\n        \t\t      \t\t\r\n\t            \t        <\/div>\r\n\t                    \t<div class=\"description\">\r\n            \t\t<blockquote class=\"style1\"><p>Naci\u00f3 en Abdera, Tracia, Grecia, hacia el a\u00f1o 460 AC, y muri\u00f3 a los 90 a\u00f1os de edad, viaj\u00f3 por Egipto, Persia y Mesopotamia, adquiriendo conocimientos de astrolog\u00eda, teolog\u00eda, geometr\u00eda y otras materias, se cuenta que se qued\u00f3 ciego voluntariamente, para meditar mejor, seg\u00fan unos, para qu\u00e9 el coraz\u00f3n no se le fuese en pos de lo que ve\u00edan sus ojos, seg\u00fan otros<\/p><\/blockquote>            \t\t\r\n            \t<\/div>\r\n        \t        <\/div>\r\n        \t\t<\/div>\n\t\t\t\t<\/div>\n\t\t\t\t\t<\/div>\n\t\t<\/div>\n\t\t\t\t<div class=\"elementor-column elementor-col-50 elementor-inner-column elementor-element elementor-element-941beaa\" data-id=\"941beaa\" data-element_type=\"column\">\n\t\t\t<div class=\"elementor-widget-wrap elementor-element-populated\">\n\t\t\t\t\t\t<div class=\"elementor-element elementor-element-31c66f1 elementor-widget elementor-widget-rs-multi-image-hover\" data-id=\"31c66f1\" data-element_type=\"widget\" data-widget_type=\"rs-multi-image-hover.default\">\n\t\t\t\t<div class=\"elementor-widget-container\">\n\t\t\t\t\n\t\t<div class=\"rs-multi-rallax elementor-image\">\n\t\t\t                <img decoding=\"async\" class=\"rs-multi-image animated rotate infinite\" src=\"https:\/\/keenitsolutions.com\/products\/wordpress\/educavo-tutor\/wp-content\/uploads\/2020\/10\/dotss.png\" alt=\"image\"\/>\n            \t\t\t<div class=\"image titlt\" data-tilt data-tilt-max=\"3\">\t\t\t\t\n\t\t\t\t<a>\n\t\t\t\t\n\t\t\t\t\t<img fetchpriority=\"high\" decoding=\"async\" width=\"793\" height=\"520\" src=\"https:\/\/fundacionquimica.org.ar\/ateneo\/wp-content\/uploads\/2021\/02\/Democrito-de-Abdera-y-la-teoria-atomica-1.jpg\" class=\"attachment-full size-full wp-image-12908\" alt=\"\" srcset=\"https:\/\/fundacionquimica.org.ar\/ateneo\/wp-content\/uploads\/2021\/02\/Democrito-de-Abdera-y-la-teoria-atomica-1.jpg 793w, https:\/\/fundacionquimica.org.ar\/ateneo\/wp-content\/uploads\/2021\/02\/Democrito-de-Abdera-y-la-teoria-atomica-1-300x197.jpg 300w, https:\/\/fundacionquimica.org.ar\/ateneo\/wp-content\/uploads\/2021\/02\/Democrito-de-Abdera-y-la-teoria-atomica-1-768x504.jpg 768w, https:\/\/fundacionquimica.org.ar\/ateneo\/wp-content\/uploads\/2021\/02\/Democrito-de-Abdera-y-la-teoria-atomica-1-600x393.jpg 600w\" sizes=\"(max-width: 793px) 100vw, 793px\" \/>\t\t\t\t\n\t\t\t\t<\/a>\t\t\t\n\t\t\t\t\t\t\t\t\n\t\t\t<\/div>\n\t\t<\/div>\n\t\t<script>\n\t\t\tjQuery(function(){ \/\/ after DOM has loaded\n\t\t\t\tjQuery('.js-tilt').tilt({}) \n\t\t\t})\n\t\t<\/script>\n\t\t  \n\t\t\t\t<\/div>\n\t\t\t\t<\/div>\n\t\t\t\t\t<\/div>\n\t\t<\/div>\n\t\t\t\t\t<\/div>\n\t\t<\/section>\n\t\t\t\t<div class=\"elementor-element elementor-element-063d68e elementor-widget elementor-widget-rs-number-grid\" data-id=\"063d68e\" data-element_type=\"widget\" data-widget_type=\"rs-number-grid.default\">\n\t\t\t\t<div class=\"elementor-widget-container\">\n\t\t\t\t\t\t\r\n\t\t<div class=\"rs-addon-number number\">\r\n\t\t    <div class=\"number-part\">\t    \t\t       \r\n\t\t\t    <div class=\"number-text\">\r\n\t\t\t    \t\r\n\t\t\t    \t\t\t\t\t    \t<div class=\"number-title\">\r\n\t\t\t\t    \t\t\t\t\t\t    \t\t\t<h3 class=\"title\"> DEM\u00d3CRITO: <\/h3>\r\n\t\t\t\t    \t\t\t\t\t\t    \t\t\r\n\t\t\t\t    \t<\/div>\r\n\t\t\t    \t\t\r\n\r\n\t\t\t    \t\t\t\t    \t\t<p class=\"number-txt\">  Es conocido por ser el fundador de la ense\u00f1anza atomista. Seg\u00fan Dem\u00f3crito, solo el vac\u00edo y los \u00e1tomos existen en el mundo, fue alumno de Leucipo fil\u00f3sofo griego con quien elaborara su brillante teor\u00eda, fue ge\u00f3metra y astr\u00f3nomo Di\u00f3genes Laercio le atribuye setenta y tres obras escritas, que trataban de Matem\u00e1ticas, F\u00edsica, Gram\u00e1tica y \u00c9tica muy pocas de las cuales han llegado hasta nuestros d\u00edas solo fragmentos.<p>\n\nTanto Dem\u00f3crito como su maestro Leucipo cre\u00edan que la materia estaba formada por part\u00edculas indivisibles llamadas \u00e1tomos El modelo at\u00f3mico Dem\u00f3crito fue el primer modelo postulado por el hombre en la historia, que dec\u00eda que los \u00e1tomos eran homog\u00e9neos, eternos y no se pod\u00edan dividir, que eran invisibles e incomprensibles y que tambi\u00e9n ten\u00edan caracter\u00edsticas internas diferentes, esta idea prevaleci\u00f3 hasta fines del siglo XVIII, tardaron los hombres de ciencia casi 2.200 a\u00f1os para que -reci\u00e9n en el a\u00f1o 1804- John Dalton redefiniera al \u00c1tomo como una part\u00edcula s\u00f3lida formada por otras part\u00edculas seguido por Thomson, Rutherford, Bohr, Sommerfeld, y el modelo de la Mec\u00e1nica Cu\u00e1ntica . <p>Considera la Materia como una sustancia extensa, impenetrable e indiferente cualitativamente, pero no formando un todo compacto, sino masas de diversas, magnitudes y formas; los \u00e1tomos, que se mueven en el vac\u00edo, el cual admite, porque sin \u00e9l no hay movimiento, y como \u00e9ste existe, tiene que existir el vac\u00edo, que es infinito en extensi\u00f3n.<p> \nTiempo despu\u00e9s resurgi\u00f3 el termino \u00e1tomo y se establecieron las teor\u00edas y modelos at\u00f3micos de Dalton, (tabla anexa) explicando el concepto del \u00e1tomo, su reacci\u00f3n qu\u00edmica y sus caracter\u00edsticas<\/p>\t\r\n\t\t\t    \t\t\r\n\r\n\t    \t    \t\t\t\t    <\/div>\r\n\t\t\t<\/div>\r\n\t\t<\/div>\t\t\t\t\r\n\t\t\t<\/div>\n\t\t\t\t<\/div>\n\t\t\t\t<div class=\"elementor-element elementor-element-3ec74ae elementor-widget elementor-widget-rs-number-grid\" data-id=\"3ec74ae\" data-element_type=\"widget\" data-widget_type=\"rs-number-grid.default\">\n\t\t\t\t<div class=\"elementor-widget-container\">\n\t\t\t\t\t\t\r\n\t\t<div class=\"rs-addon-number number\">\r\n\t\t    <div class=\"number-part\">\t    \t\t       \r\n\t\t\t    <div class=\"number-text\">\r\n\t\t\t    \t\r\n\t\t\t    \t\t\t\t\t    \t<div class=\"number-title\">\r\n\t\t\t\t    \t\t\t\t\t\t    \t\t\t<h3 class=\"title\"> Seg\u00fan la doctrina atomista, <\/h3>\r\n\t\t\t\t    \t\t\t\t\t\t    \t\t\r\n\t\t\t\t    \t<\/div>\r\n\t\t\t    \t\t\r\n\r\n\t\t\t    \t\t\t\t    \t\t<p class=\"number-txt\">  El universo est\u00e1 constituido por innumerables corp\u00fasculos o \u00e1tomos de magnitud imperceptible y sustancialmente id\u00e9nticos, indivisibles (\u00ab\u00e1tomo\u00bb significa, en griego, inseparable), ingenerados, eternos e indestructibles, que se encuentran en movimiento en el vac\u00edo infinito y difieren entre s\u00ed \u00fanicamente en cuanto a sus dimensiones, su forma y su posici\u00f3n.<p>\n\nPara Dem\u00f3crito, todo cuanto hay en la naturaleza es combinaci\u00f3n de \u00e1tomos y vac\u00edo: los \u00e1tomos se mueven de una forma natural e inherente a ellos y, en su movimiento, chocan entre s\u00ed y se combinan cuando sus formas y dem\u00e1s caracter\u00edsticas lo permiten; las disposiciones que los \u00e1tomos adoptan y los cambios que experimentan est\u00e1n regidos por un orden causal necesario.<p>\n\nNo es menos importante su aporte a la \u00e9tica para Dem\u00f3crito la \u00e9tica se basa en el equilibrio interno, conseguido mediante \u201cel control de las pasiones por el saber y la prudencia\u201d. Seg\u00fan Dem\u00f3crito, la aspiraci\u00f3n natural de todo individuo no es tanto el placer como la tranquilidad de esp\u00edritu (eutimia); el placer debe elegirse y el dolor, evitarse, pero en la correcta discriminaci\u00f3n de los placeres radica la verdadera felicidad.<\/p>\t\r\n\t\t\t    \t\t\r\n\r\n\t    \t    \t\t\t\t    <\/div>\r\n\t\t\t<\/div>\r\n\t\t<\/div>\t\t\t\t\r\n\t\t\t<\/div>\n\t\t\t\t<\/div>\n\t\t\t\t\t<\/div>\n\t\t<\/div>\n\t\t\t\t\t<\/div>\n\t\t<\/section>\n\t\t\t\t<section class=\"elementor-section elementor-top-section elementor-element elementor-element-9040270 elementor-section-boxed elementor-section-height-default elementor-section-height-default\" data-id=\"9040270\" data-element_type=\"section\">\n\t\t\t\t\t\t<div class=\"elementor-container elementor-column-gap-default\">\n\t\t\t\t\t<div class=\"elementor-column elementor-col-100 elementor-top-column elementor-element elementor-element-81acb93\" data-id=\"81acb93\" data-element_type=\"column\">\n\t\t\t<div class=\"elementor-widget-wrap elementor-element-populated\">\n\t\t\t\t\t\t<div class=\"elementor-element elementor-element-222e226 elementor-widget elementor-widget-image\" data-id=\"222e226\" data-element_type=\"widget\" data-widget_type=\"image.default\">\n\t\t\t\t<div class=\"elementor-widget-container\">\n\t\t\t\t\t\t\t\t\t\t\t\t\t<img decoding=\"async\" width=\"640\" height=\"317\" src=\"https:\/\/fundacionquimica.org.ar\/ateneo\/wp-content\/uploads\/2021\/02\/dssd.png\" class=\"attachment-large size-large wp-image-12761\" alt=\"\" srcset=\"https:\/\/fundacionquimica.org.ar\/ateneo\/wp-content\/uploads\/2021\/02\/dssd.png 886w, https:\/\/fundacionquimica.org.ar\/ateneo\/wp-content\/uploads\/2021\/02\/dssd-300x149.png 300w, https:\/\/fundacionquimica.org.ar\/ateneo\/wp-content\/uploads\/2021\/02\/dssd-768x381.png 768w, https:\/\/fundacionquimica.org.ar\/ateneo\/wp-content\/uploads\/2021\/02\/dssd-600x297.png 600w\" sizes=\"(max-width: 640px) 100vw, 640px\" \/>\t\t\t\t\t\t\t\t\t\t\t\t\t<\/div>\n\t\t\t\t<\/div>\n\t\t\t\t\t<\/div>\n\t\t<\/div>\n\t\t\t\t\t<\/div>\n\t\t<\/section>\n\t\t\t\t<\/div>\n\t\t","protected":false},"excerpt":{"rendered":"<p>\u00bfPorqu\u00e9 DEM\u00d3CRITO? Naci\u00f3 en Abdera, Tracia, Grecia, hacia el a\u00f1o 460 AC, y muri\u00f3 a los 90 a\u00f1os de edad, viaj\u00f3 por Egipto, Persia y Mesopotamia, adquiriendo conocimientos de astrolog\u00eda, teolog\u00eda, geometr\u00eda y otras materias, se cuenta que se qued\u00f3 ciego voluntariamente, para meditar mejor, seg\u00fan unos, para qu\u00e9 el coraz\u00f3n no se le fuese&#8230;<\/p>\n","protected":false},"author":1,"featured_media":0,"parent":0,"menu_order":0,"comment_status":"closed","ping_status":"closed","template":"","meta":{"_acf_changed":false,"footnotes":""},"class_list":["post-12905","page","type-page","status-publish","hentry"],"acf":[],"yoast_head":"<!-- This site is optimized with the Yoast SEO plugin v24.2 - https:\/\/yoast.com\/wordpress\/plugins\/seo\/ -->\n<title>\u00bfPORQU\u00c9 DEM\u00d3CRITO? - ATENEO Dr. EDUARDO ABEL JARUF<\/title>\n<meta name=\"robots\" content=\"index, follow, max-snippet:-1, max-image-preview:large, max-video-preview:-1\" \/>\n<link rel=\"canonical\" href=\"https:\/\/fundacionquimica.org.ar\/ateneo\/porque-democrito\/\" \/>\n<meta property=\"og:locale\" content=\"es_ES\" \/>\n<meta property=\"og:type\" content=\"article\" \/>\n<meta property=\"og:title\" content=\"\u00bfPORQU\u00c9 DEM\u00d3CRITO? - ATENEO Dr. EDUARDO ABEL JARUF\" \/>\n<meta property=\"og:description\" content=\"\u00bfPorqu\u00e9 DEM\u00d3CRITO? Naci\u00f3 en Abdera, Tracia, Grecia, hacia el a\u00f1o 460 AC, y muri\u00f3 a los 90 a\u00f1os de edad, viaj\u00f3 por Egipto, Persia y Mesopotamia, adquiriendo conocimientos de astrolog\u00eda, teolog\u00eda, geometr\u00eda y otras materias, se cuenta que se qued\u00f3 ciego voluntariamente, para meditar mejor, seg\u00fan unos, para qu\u00e9 el coraz\u00f3n no se le fuese...\" \/>\n<meta property=\"og:url\" content=\"https:\/\/fundacionquimica.org.ar\/ateneo\/porque-democrito\/\" \/>\n<meta property=\"og:site_name\" content=\"ATENEO Dr. EDUARDO ABEL JARUF\" \/>\n<meta property=\"article:modified_time\" content=\"2021-02-20T21:05:29+00:00\" \/>\n<meta property=\"og:image\" content=\"https:\/\/keenitsolutions.com\/products\/wordpress\/educavo-tutor\/wp-content\/uploads\/2020\/10\/dotss.png\" \/>\n<meta name=\"twitter:card\" content=\"summary_large_image\" \/>\n<meta name=\"twitter:label1\" content=\"Tiempo de lectura\" \/>\n\t<meta name=\"twitter:data1\" content=\"3 minutos\" \/>\n<script type=\"application\/ld+json\" class=\"yoast-schema-graph\">{\"@context\":\"https:\/\/schema.org\",\"@graph\":[{\"@type\":\"WebPage\",\"@id\":\"https:\/\/fundacionquimica.org.ar\/ateneo\/porque-democrito\/\",\"url\":\"https:\/\/fundacionquimica.org.ar\/ateneo\/porque-democrito\/\",\"name\":\"\u00bfPORQU\u00c9 DEM\u00d3CRITO? - ATENEO Dr. EDUARDO ABEL JARUF\",\"isPartOf\":{\"@id\":\"https:\/\/fundacionquimica.org.ar\/ateneo\/#website\"},\"primaryImageOfPage\":{\"@id\":\"https:\/\/fundacionquimica.org.ar\/ateneo\/porque-democrito\/#primaryimage\"},\"image\":{\"@id\":\"https:\/\/fundacionquimica.org.ar\/ateneo\/porque-democrito\/#primaryimage\"},\"thumbnailUrl\":\"https:\/\/keenitsolutions.com\/products\/wordpress\/educavo-tutor\/wp-content\/uploads\/2020\/10\/dotss.png\",\"datePublished\":\"2021-02-20T20:41:06+00:00\",\"dateModified\":\"2021-02-20T21:05:29+00:00\",\"breadcrumb\":{\"@id\":\"https:\/\/fundacionquimica.org.ar\/ateneo\/porque-democrito\/#breadcrumb\"},\"inLanguage\":\"es\",\"potentialAction\":[{\"@type\":\"ReadAction\",\"target\":[\"https:\/\/fundacionquimica.org.ar\/ateneo\/porque-democrito\/\"]}]},{\"@type\":\"ImageObject\",\"inLanguage\":\"es\",\"@id\":\"https:\/\/fundacionquimica.org.ar\/ateneo\/porque-democrito\/#primaryimage\",\"url\":\"https:\/\/keenitsolutions.com\/products\/wordpress\/educavo-tutor\/wp-content\/uploads\/2020\/10\/dotss.png\",\"contentUrl\":\"https:\/\/keenitsolutions.com\/products\/wordpress\/educavo-tutor\/wp-content\/uploads\/2020\/10\/dotss.png\"},{\"@type\":\"BreadcrumbList\",\"@id\":\"https:\/\/fundacionquimica.org.ar\/ateneo\/porque-democrito\/#breadcrumb\",\"itemListElement\":[{\"@type\":\"ListItem\",\"position\":1,\"name\":\"Home\",\"item\":\"https:\/\/fundacionquimica.org.ar\/ateneo\/\"},{\"@type\":\"ListItem\",\"position\":2,\"name\":\"\u00bfPORQU\u00c9 DEM\u00d3CRITO?\"}]},{\"@type\":\"WebSite\",\"@id\":\"https:\/\/fundacionquimica.org.ar\/ateneo\/#website\",\"url\":\"https:\/\/fundacionquimica.org.ar\/ateneo\/\",\"name\":\"ATENEO Dr. EDUARDO ABEL JARUF\",\"description\":\"ATENEO DE CAPACITACI\u00d3N SUPERIOR\",\"potentialAction\":[{\"@type\":\"SearchAction\",\"target\":{\"@type\":\"EntryPoint\",\"urlTemplate\":\"https:\/\/fundacionquimica.org.ar\/ateneo\/?s={search_term_string}\"},\"query-input\":{\"@type\":\"PropertyValueSpecification\",\"valueRequired\":true,\"valueName\":\"search_term_string\"}}],\"inLanguage\":\"es\"}]}<\/script>\n<!-- \/ Yoast SEO plugin. -->","yoast_head_json":{"title":"\u00bfPORQU\u00c9 DEM\u00d3CRITO? - ATENEO Dr. EDUARDO ABEL JARUF","robots":{"index":"index","follow":"follow","max-snippet":"max-snippet:-1","max-image-preview":"max-image-preview:large","max-video-preview":"max-video-preview:-1"},"canonical":"https:\/\/fundacionquimica.org.ar\/ateneo\/porque-democrito\/","og_locale":"es_ES","og_type":"article","og_title":"\u00bfPORQU\u00c9 DEM\u00d3CRITO? - ATENEO Dr. EDUARDO ABEL JARUF","og_description":"\u00bfPorqu\u00e9 DEM\u00d3CRITO? Naci\u00f3 en Abdera, Tracia, Grecia, hacia el a\u00f1o 460 AC, y muri\u00f3 a los 90 a\u00f1os de edad, viaj\u00f3 por Egipto, Persia y Mesopotamia, adquiriendo conocimientos de astrolog\u00eda, teolog\u00eda, geometr\u00eda y otras materias, se cuenta que se qued\u00f3 ciego voluntariamente, para meditar mejor, seg\u00fan unos, para qu\u00e9 el coraz\u00f3n no se le fuese...","og_url":"https:\/\/fundacionquimica.org.ar\/ateneo\/porque-democrito\/","og_site_name":"ATENEO Dr. EDUARDO ABEL JARUF","article_modified_time":"2021-02-20T21:05:29+00:00","og_image":[{"url":"https:\/\/keenitsolutions.com\/products\/wordpress\/educavo-tutor\/wp-content\/uploads\/2020\/10\/dotss.png","type":"","width":"","height":""}],"twitter_card":"summary_large_image","twitter_misc":{"Tiempo de lectura":"3 minutos"},"schema":{"@context":"https:\/\/schema.org","@graph":[{"@type":"WebPage","@id":"https:\/\/fundacionquimica.org.ar\/ateneo\/porque-democrito\/","url":"https:\/\/fundacionquimica.org.ar\/ateneo\/porque-democrito\/","name":"\u00bfPORQU\u00c9 DEM\u00d3CRITO? - ATENEO Dr. EDUARDO ABEL JARUF","isPartOf":{"@id":"https:\/\/fundacionquimica.org.ar\/ateneo\/#website"},"primaryImageOfPage":{"@id":"https:\/\/fundacionquimica.org.ar\/ateneo\/porque-democrito\/#primaryimage"},"image":{"@id":"https:\/\/fundacionquimica.org.ar\/ateneo\/porque-democrito\/#primaryimage"},"thumbnailUrl":"https:\/\/keenitsolutions.com\/products\/wordpress\/educavo-tutor\/wp-content\/uploads\/2020\/10\/dotss.png","datePublished":"2021-02-20T20:41:06+00:00","dateModified":"2021-02-20T21:05:29+00:00","breadcrumb":{"@id":"https:\/\/fundacionquimica.org.ar\/ateneo\/porque-democrito\/#breadcrumb"},"inLanguage":"es","potentialAction":[{"@type":"ReadAction","target":["https:\/\/fundacionquimica.org.ar\/ateneo\/porque-democrito\/"]}]},{"@type":"ImageObject","inLanguage":"es","@id":"https:\/\/fundacionquimica.org.ar\/ateneo\/porque-democrito\/#primaryimage","url":"https:\/\/keenitsolutions.com\/products\/wordpress\/educavo-tutor\/wp-content\/uploads\/2020\/10\/dotss.png","contentUrl":"https:\/\/keenitsolutions.com\/products\/wordpress\/educavo-tutor\/wp-content\/uploads\/2020\/10\/dotss.png"},{"@type":"BreadcrumbList","@id":"https:\/\/fundacionquimica.org.ar\/ateneo\/porque-democrito\/#breadcrumb","itemListElement":[{"@type":"ListItem","position":1,"name":"Home","item":"https:\/\/fundacionquimica.org.ar\/ateneo\/"},{"@type":"ListItem","position":2,"name":"\u00bfPORQU\u00c9 DEM\u00d3CRITO?"}]},{"@type":"WebSite","@id":"https:\/\/fundacionquimica.org.ar\/ateneo\/#website","url":"https:\/\/fundacionquimica.org.ar\/ateneo\/","name":"ATENEO Dr. EDUARDO ABEL JARUF","description":"ATENEO DE CAPACITACI\u00d3N SUPERIOR","potentialAction":[{"@type":"SearchAction","target":{"@type":"EntryPoint","urlTemplate":"https:\/\/fundacionquimica.org.ar\/ateneo\/?s={search_term_string}"},"query-input":{"@type":"PropertyValueSpecification","valueRequired":true,"valueName":"search_term_string"}}],"inLanguage":"es"}]}},"_links":{"self":[{"href":"https:\/\/fundacionquimica.org.ar\/ateneo\/wp-json\/wp\/v2\/pages\/12905","targetHints":{"allow":["GET"]}}],"collection":[{"href":"https:\/\/fundacionquimica.org.ar\/ateneo\/wp-json\/wp\/v2\/pages"}],"about":[{"href":"https:\/\/fundacionquimica.org.ar\/ateneo\/wp-json\/wp\/v2\/types\/page"}],"author":[{"embeddable":true,"href":"https:\/\/fundacionquimica.org.ar\/ateneo\/wp-json\/wp\/v2\/users\/1"}],"replies":[{"embeddable":true,"href":"https:\/\/fundacionquimica.org.ar\/ateneo\/wp-json\/wp\/v2\/comments?post=12905"}],"version-history":[{"count":11,"href":"https:\/\/fundacionquimica.org.ar\/ateneo\/wp-json\/wp\/v2\/pages\/12905\/revisions"}],"predecessor-version":[{"id":12918,"href":"https:\/\/fundacionquimica.org.ar\/ateneo\/wp-json\/wp\/v2\/pages\/12905\/revisions\/12918"}],"wp:attachment":[{"href":"https:\/\/fundacionquimica.org.ar\/ateneo\/wp-json\/wp\/v2\/media?parent=12905"}],"curies":[{"name":"wp","href":"https:\/\/api.w.org\/{rel}","templated":true}]}}